2*l = 2*l - 5, l = 4*h - 15. Let a(v) = 66*v + 21. Let p be a(h). Calculate the greatest common factor of 39 and p.
39
Suppose -51 = -7*t + 75. Let v(u) = 3*u + 135. Let o be v(-33). What is the greatest common factor of o and t?
18
Let q = 28 + -10. Suppose 2*x - z = q, -4*z + 5 + 11 = 3*x. Let a be 14/((-4)/(-30)*3) + -3. Calculate the greatest common factor of x and a.
8
Let y = -467 + 635. Let t be y/(-10)*675/(-54). Calculate the highest common factor of t and 12.
6
Let l = -4 - -16. Let s = 142 - 90. Let p = -48 + s. What is the greatest common factor of p and l?
4
Let j(c) = 3*c**2 - 5*c - 33. Suppose s + 17 = 3*z, 4*z - 19 = -s + 2*s. Let k be j(s). What is the greatest common factor of k and 55?
55
Let a be (1/((-3)/12))/(6/(-15)). Let u be (3 + 3)*(-15)/a. Let b be (15 - (2 + -4)) + u/(-3). Calculate the highest common factor of 80 and b.
20
Suppose 3*g + 18 = -2*p, 3*g - 5*p + 4*p = -27. Let v = 43 - 33. Let f = v + g. Calculate the highest common divisor of f and 5.
1
Suppose -21 - 127 = -2*h. Let p be (-49)/(-14)*((-162)/(-14) + (-8 - -7)). Calculate the highest common divisor of h and p.
37
Suppose 4*g = -v + 1163, -3*g - 20 + 11 = 0. Calculate the highest common divisor of 564 and v.
47
Suppose -4*l + 3*b = -1269, -956 = 4*l - 7*l - 2*b. Let x be l + (3/1 - (3 - -3)). Let q be (3 + x/(-20))*-4. What is the highest common divisor of q and 17?
17
Let n = 118 - 123. Let w be (n - -4)*27/3. Let z = 15 - w. Calculate the greatest common factor of z and 192.
24
Let g be ((-5031)/65)/(6/(-4470)). Suppose -59*w + g = -16*w. Calculate the highest common factor of 9 and w.
9
Let l(k) = 4*k - 7. Let g be l(5). Suppose -5*y = -2*t + 3 - g, -y = 3*t - 19. What is the greatest common divisor of 575 and t?
5
Let u(o) = -150*o - 4. Let r be u(3). Let v = -432 - r. Calculate the highest common divisor of 88 and v.
22
Let q(i) = -i**3 - 24*i**2 + 49*i - 15. Let t be q(-29). Calculate the greatest common factor of 213 and t.
213
Suppose 5*j = 27*j - 84436. What is the highest common divisor of j and 38?
38
Let p(t) = t**3 - 6*t**2 + 14*t - 41. Let s be p(6). Let c = s - -8. What is the highest common factor of 34 and c?
17
Suppose 2*f = 322 + 28. Let i = 193 - f. Calculate the greatest common divisor of i and 72.
18
Let h be -2 + 0 + -2 + 38. Let g be ((-221)/((-4)/4))/(-12*25/(-600)). Calculate the highest common divisor of h and g.
34
Let z = -13963 - -13966. Let o = 8 - 6. Suppose 0 = 3*a - h - 359, -o*a + a + 133 = z*h. What is the greatest common factor of 11 and a?
11
Let i(m) = -m**2 + 342*m - 5473. Let h be i(17). What is the greatest common factor of 44 and h?
4
Suppose -5040 = -9*j + 10*j - 6*j. What is the greatest common factor of j and 576?
144
Let d be 24/(-30) - (-55)/(-25). Let h be 63280/120 + (-5)/d. What is the greatest common divisor of h and 46?
23
Let h(s) = 340*s**2 - 103*s + 211. Let z be h(2). Calculate the greatest common divisor of z and 840.
105
Let f = 339 - 289. Let y(s) = 2*s**2 - 6*s + 350. Let l be y(0). What is the highest common divisor of l and f?
50
Let n(v) = 8*v**2 + 2*v + 2. Let z be n(-1). Suppose -u - l = -2*l - 9, -3*u - 4*l - z = 0. What is the highest common divisor of 14 and u?
2
Suppose -6 = -f - 0*a + a, 0 = 5*f + 5*a. Suppose 14*g - 53 = 3. Suppose 9 = w + g. Calculate the highest common divisor of w and f.
1
Suppose -33 = -3*z + 2*z. Let b be (-8)/14*70/(-5). Let s be (10/15)/((-3)/((-108)/b)). What is the greatest common divisor of z and s?
3
Let y be ((-560)/(-98))/(6*2/840). Calculate the greatest common factor of y and 2560.
80
Let d(r) be the third derivative of -r**4/8 - 3*r**3 + r**2. Let k = 247 - 258. Let c be d(k). Calculate the greatest common factor of c and 30.
15
Suppose -46*p - 2897 = -5*q - 45*p, 2*q + 2*p - 1166 = 0. Calculate the highest common factor of 464 and q.
116
Suppose 30 = 22*h + 316. Let n be (-28)/h + 108/(-702). What is the greatest common divisor of 46 and n?
2
Suppose -11244 = -90*t + 430 + 17486. Calculate the greatest common divisor of 11826 and t.
162
Let d(i) = 2*i**2 - 27*i - 68. Let c = -324 + 341. Let n be d(c). What is the highest common factor of n and 357?
51
Suppose 15*h = -1496 + 26186. Let u be 32/(-24) + h/6. Calculate the greatest common divisor of u and 26.
13
Suppose -3*p - 3*k + 135 = -2*k, -45 = -p + 4*k. Suppose -5*s - p = -535. Calculate the greatest common factor of 2 and s.
2
Let r(m) = 80*m**2 + 2*m - 1. Let x be r(2). Let d be ((-2)/8)/(1/4)*(13 - 32). Calculate the highest common factor of d and x.
19
Let h(o) = 23*o - 5. Let b be h(-4). Let s = b - -148. Calculate the highest common divisor of s and 68.
17
Let z = 188 - 191. Let q be (390/(-21))/(z*(-4)/(-84)). What is the greatest common divisor of 78 and q?
26
Let t = 0 + 5. Suppose t*j + 0*j = 100. Let b be (-28)/(j/(-5)) + -2. What is the highest common divisor of b and 15?
5
Suppose -347*j - 2 = -345*j, 0 = -c + j + 156. What is the greatest common divisor of c and 124?
31
Let a(t) = 4*t + 2. Let i be a(2). Let w = -140 - -119. Let v be (-10)/(3 - (-9 + 5))*w. What is the greatest common factor of i and v?
10
Suppose 10*i - 4*x = 7*i + 82, i + 4*x + 10 = 0. What is the highest common divisor of 186 and i?
6
Suppose 11*q - 2601 = 534. What is the highest common divisor of q and 10?
5
Let r = -6409 + 6415. Let u = 75 - 27. What is the highest common factor of u and r?
6
Suppose -441 = -158*o + 155*o. Let d = -135 + o. What is the highest common factor of d and 564?
12
Let w be (-22)/(-3) + (-5)/((-180)/24). Let z be (-2)/(-6) - (-10)/6. Let g be (30/(-25))/(z + (-566)/280). What is the highest common divisor of g and w?
8
Let f = 3749 - 3655. What is the greatest common divisor of f and 14?
2
Suppose -400 + 391 = -29*z + 861. Let s be 0 + (2 - 2)/(-2). Suppose s = 4*v + 3*g - 54, g - 56 = -5*v + 3*g. What is the highest common factor of v and z?
6
Let n = 8640 - 1716. Calculate the greatest common factor of 12 and n.
12
Suppose -g + 5*c = -39 - 81, -3*g = 5*c - 280. What is the highest common factor of 44900 and g?
100
Let t be (18/15 - 2)*(-1 + 6). Let r(n) = -n**3 - 2*n**2 + 5*n - 3. Let i be r(t). Suppose 3*z - 9 = i. What is the greatest common factor of 21 and z?
3
Let t be -3*1*-11 + 93/(-9 + 40). Calculate the greatest common factor of t and 6948.
36
Suppose -2*i - 234 = -b, -5*b = -4*i + 557 - 1727. Suppose 63 = -j + b. Calculate the highest common divisor of 9 and j.
9
Suppose -7*z - 27 = -6. Let l be (9 - z) + -4 + 2. Let p be (-10968)/(-60) + (-8)/l. What is the greatest common factor of 14 and p?
14
Let v(d) = 2 - 119*d**2 + 35*d**2 - 189*d**3 + 42*d**2 + 2*d + 43*d**2. Let b be v(-1). What is the greatest common divisor of b and 20?
10
Suppose -4*w - 13*p + 10*p + 884 = 0, 0 = p + 4. What is the greatest common divisor of w and 4?
4
Let h(f) = -2*f + 20. Let y be h(3). Let a be (-135)/(-10) - 7/y. What is the greatest common divisor of 13 and a?
13
Let r(d) = -2*d**3 - 13*d**2 + 13*d**2 - 3 - 7*d**2 + 5*d + 4*d**3. Let c be r(4). What is the highest common divisor of 44 and c?
11
Suppose 0 = 334*u - 246*u - 117040. Calculate the highest common factor of u and 315.
35
Let w = 36 + -22. Let a be -1*(-2)/1*w. Let f be 18 + -1 - (-20)/(100/(-15)). Calculate the highest common factor of f and a.
14
Let h = -3566 + 4808. Calculate the greatest common factor of h and 322.
46
Let y be 805/25 + -7 + 1/(-5). Suppose -24*n + y*n - 8 = 4*k, n + k - 28 = 0. What is the greatest common divisor of 18 and n?
6
Let d(x) = x**2 - 3*x + 4. Suppose 0 = -9*u + 64 - 1. Let l be d(u). Calculate the greatest common divisor of 608 and l.
32
Suppose 2*j + 4*i = 14, -i + 6*i = j - 21. Let x = 75 - 54. Let o be x/18 + (-4)/24. What is the greatest common divisor of o and j?
1
Let r = 83257 - 83249. Let g = 11 + -4. Let b be (-6)/21 + 114/g. Calculate the highest common divisor of b and r.
8
Let c(k) = -2*k**3 - 6*k**2 - 3*k - 7. Let p be c(-5). Suppose p*l = 101*l + 42. Let y = -9 + 27. What is the greatest common divisor of y and l?
6
Let m be -15 - -16 - 2 - -1251. What is the greatest common divisor of 600 and m?
50
Let l = -225 + 201. Let n be (-11)/(88/l)*28/3. What is the highest common factor of n and 84?
28
Let v be 1*16*15/2. Let g(k) = -k**3 + 5*k**2 + 11*k + 6. Let i be g(-2). Calculate